[INFO] cloning repository https://github.com/Blaqwood/ReShade-Linux-Install
[INFO] running `Command { std: "git" "-c" "credential.helper=" "-c" "credential.helper=/workspace/cargo-home/bin/git-credential-null" "clone" "--bare" "https://github.com/Blaqwood/ReShade-Linux-Install" "/workspace/cache/git-repos/https%3A%2F%2Fgithub.com%2FBlaqwood%2FReShade-Linux-Install", kill_on_drop: false }`
[INFO] [stderr] Cloning into bare repository '/workspace/cache/git-repos/https%3A%2F%2Fgithub.com%2FBlaqwood%2FReShade-Linux-Install'...
[INFO] running `Command { std: "git" "rev-parse" "HEAD", kill_on_drop: false }`
[INFO] [stdout] aba9543c592ef5ea469572c66937b4e8e1b2c167
[INFO] checking Blaqwood/ReShade-Linux-Install against master#e6e4f7ed1589e03bc2f6c5931c1a72e7947e8682 for beta-170-4
[INFO] running `Command { std: "git" "clone" "/workspace/cache/git-repos/https%3A%2F%2Fgithub.com%2FBlaqwood%2FReShade-Linux-Install" "/workspace/builds/worker-2-tc2/source", kill_on_drop: false }`
[INFO] [stderr] Cloning into '/workspace/builds/worker-2-tc2/source'...
[INFO] [stderr] done.
[INFO] validating manifest of git repo https://github.com/Blaqwood/ReShade-Linux-Install on toolchain e6e4f7ed1589e03bc2f6c5931c1a72e7947e8682
[INFO] running `Command { std: CARGO_HOME="/workspace/cargo-home" RUSTUP_HOME="/workspace/rustup-home" "/workspace/cargo-home/bin/cargo" "+e6e4f7ed1589e03bc2f6c5931c1a72e7947e8682" "metadata" "--manifest-path" "Cargo.toml" "--no-deps", kill_on_drop: false }`
[INFO] started tweaking git repo https://github.com/Blaqwood/ReShade-Linux-Install
[INFO] finished tweaking git repo https://github.com/Blaqwood/ReShade-Linux-Install
[INFO] tweaked toml for git repo https://github.com/Blaqwood/ReShade-Linux-Install written to /workspace/builds/worker-2-tc2/source/Cargo.toml
[INFO] crate git repo https://github.com/Blaqwood/ReShade-Linux-Install already has a lockfile, it will not be regenerated
[INFO] running `Command { std: CARGO_HOME="/workspace/cargo-home" RUSTUP_HOME="/workspace/rustup-home" "/workspace/cargo-home/bin/cargo" "+e6e4f7ed1589e03bc2f6c5931c1a72e7947e8682" "fetch" "--manifest-path" "Cargo.toml", kill_on_drop: false }`
[INFO] [stderr]     Updating crates.io index
[INFO] running `Command { std: "docker" "create" "-v" "/var/lib/crater-agent-workspace/builds/worker-2-tc2/target:/opt/rustwide/target:rw,Z" "-v" "/var/lib/crater-agent-workspace/builds/worker-2-tc2/source:/opt/rustwide/workdir:ro,Z" "-v" "/var/lib/crater-agent-workspace/cargo-home:/opt/rustwide/cargo-home:ro,Z" "-v" "/var/lib/crater-agent-workspace/rustup-home:/opt/rustwide/rustup-home:ro,Z" "-e" "SOURCE_DIR=/opt/rustwide/workdir" "-e" "CARGO_TARGET_DIR=/opt/rustwide/target" "-e" "CARGO_HOME=/opt/rustwide/cargo-home" "-e" "RUSTUP_HOME=/opt/rustwide/rustup-home" "-w" "/opt/rustwide/workdir" "-m" "1610612736" "--user" "0:0" "--network" "none" "ghcr.io/rust-lang/crates-build-env/linux@sha256:19e73879b68f455e41552ea35293514db52ea292d993f571636dbffedb77a1ee" "/opt/rustwide/cargo-home/bin/cargo" "+e6e4f7ed1589e03bc2f6c5931c1a72e7947e8682" "metadata" "--no-deps" "--format-version=1", kill_on_drop: false }`
[INFO] [stdout] a58086e3e395d03c93e0ff29f46ed722e7de508541c851e395abf5ddfc9045f8
[INFO] running `Command { std: "docker" "start" "-a" "a58086e3e395d03c93e0ff29f46ed722e7de508541c851e395abf5ddfc9045f8", kill_on_drop: false }`
[INFO] running `Command { std: "docker" "inspect" "a58086e3e395d03c93e0ff29f46ed722e7de508541c851e395abf5ddfc9045f8", kill_on_drop: false }`
[INFO] running `Command { std: "docker" "rm" "-f" "a58086e3e395d03c93e0ff29f46ed722e7de508541c851e395abf5ddfc9045f8", kill_on_drop: false }`
[INFO] [stdout] a58086e3e395d03c93e0ff29f46ed722e7de508541c851e395abf5ddfc9045f8
[INFO] running `Command { std: "docker" "create" "-v" "/var/lib/crater-agent-workspace/builds/worker-2-tc2/target:/opt/rustwide/target:rw,Z" "-v" "/var/lib/crater-agent-workspace/builds/worker-2-tc2/source:/opt/rustwide/workdir:ro,Z" "-v" "/var/lib/crater-agent-workspace/cargo-home:/opt/rustwide/cargo-home:ro,Z" "-v" "/var/lib/crater-agent-workspace/rustup-home:/opt/rustwide/rustup-home:ro,Z" "-e" "SOURCE_DIR=/opt/rustwide/workdir" "-e" "CARGO_TARGET_DIR=/opt/rustwide/target" "-e" "CARGO_INCREMENTAL=0" "-e" "RUST_BACKTRACE=full" "-e" "RUSTFLAGS=--cap-lints=forbid" "-e" "RUSTDOCFLAGS=--cap-lints=forbid" "-e" "CARGO_HOME=/opt/rustwide/cargo-home" "-e" "RUSTUP_HOME=/opt/rustwide/rustup-home" "-w" "/opt/rustwide/workdir" "-m" "1610612736" "--user" "0:0" "--network" "none" "ghcr.io/rust-lang/crates-build-env/linux@sha256:19e73879b68f455e41552ea35293514db52ea292d993f571636dbffedb77a1ee" "/opt/rustwide/cargo-home/bin/cargo" "+e6e4f7ed1589e03bc2f6c5931c1a72e7947e8682" "check" "--frozen" "--all" "--all-targets" "--message-format=json", kill_on_drop: false }`
[INFO] [stdout] 4ba83bfcf7d68a5746984e8138744d44286cfa0c882b216c536a4c4fd5109702
[INFO] running `Command { std: "docker" "start" "-a" "4ba83bfcf7d68a5746984e8138744d44286cfa0c882b216c536a4c4fd5109702", kill_on_drop: false }`
[INFO] [stderr]    Compiling pkg-config v0.3.26
[INFO] [stderr]    Compiling serde v1.0.148
[INFO] [stderr]    Compiling proc-macro2 v1.0.59
[INFO] [stderr]    Compiling libc v0.2.144
[INFO] [stderr]    Compiling quote v1.0.28
[INFO] [stderr]    Compiling unicode-ident v1.0.5
[INFO] [stderr]    Compiling smallvec v1.10.0
[INFO] [stderr]    Compiling version-compare v0.1.1
[INFO] [stderr]    Compiling syn v1.0.105
[INFO] [stderr]    Compiling thiserror v1.0.37
[INFO] [stderr]     Checking once_cell v1.16.0
[INFO] [stderr]     Checking pin-project-lite v0.2.9
[INFO] [stderr]    Compiling futures-core v0.3.25
[INFO] [stderr]    Compiling slab v0.4.7
[INFO] [stderr]    Compiling futures-task v0.3.25
[INFO] [stderr]    Compiling cc v1.0.77
[INFO] [stderr]    Compiling futures-util v0.3.25
[INFO] [stderr]    Compiling futures-channel v0.3.25
[INFO] [stderr]    Compiling anyhow v1.0.66
[INFO] [stderr]    Compiling cfg-expr v0.11.0
[INFO] [stderr]    Compiling log v0.4.17
[INFO] [stderr]    Compiling memchr v2.5.0
[INFO] [stderr]     Checking bytes v1.4.0
[INFO] [stderr]    Compiling tokio v1.28.2
[INFO] [stderr]    Compiling ucd-trie v0.1.5
[INFO] [stderr]     Checking itoa v1.0.6
[INFO] [stderr]     Checking tracing-core v0.1.31
[INFO] [stderr]    Compiling indexmap v1.9.3
[INFO] [stderr]     Checking foreign-types-shared v0.1.1
[INFO] [stderr]    Compiling openssl v0.10.53
[INFO] [stderr]    Compiling gio v0.17.9
[INFO] [stderr]     Checking foreign-types v0.3.2
[INFO] [stderr]    Compiling native-tls v0.2.11
[INFO] [stderr]     Checking futures-io v0.3.25
[INFO] [stderr]     Checking futures-sink v0.3.28
[INFO] [stderr]    Compiling httparse v1.8.0
[INFO] [stderr]     Checking http v0.2.9
[INFO] [stderr]     Checking tinyvec_macros v0.1.1
[INFO] [stderr]     Checking percent-encoding v2.2.0
[INFO] [stderr]     Checking tracing v0.1.37
[INFO] [stderr]     Checking openssl-probe v0.1.5
[INFO] [stderr]     Checking tinyvec v1.6.0
[INFO] [stderr]     Checking try-lock v0.2.4
[INFO] [stderr]     Checking miniz_oxide v0.6.2
[INFO] [stderr]     Checking form_urlencoded v1.1.0
[INFO] [stderr]     Checking unicode-bidi v0.3.13
[INFO] [stderr]     Checking want v0.3.0
[INFO] [stderr]    Compiling syn v2.0.18
[INFO] [stderr]     Checking tower-service v0.3.2
[INFO] [stderr]    Compiling gtk v0.17.1
[INFO] [stderr]     Checking ryu v1.0.13
[INFO] [stderr]     Checking byteorder v1.4.3
[INFO] [stderr]     Checking dlv-list v0.3.0
[INFO] [stderr]    Compiling proc-macro-error-attr v1.0.4
[INFO] [stderr]     Checking encoding_rs v0.8.32
[INFO] [stderr]     Checking ipnet v2.7.2
[INFO] [stderr]     Checking getrandom v0.2.8
[INFO] [stderr]     Checking mio v0.8.8
[INFO] [stderr]    Compiling openssl-sys v0.9.88
[INFO] [stderr]     Checking socket2 v0.4.9
[INFO] [stderr]    Compiling bzip2-sys v0.1.11+1.0.8
[INFO] [stderr]     Checking flate2 v1.0.25
[INFO] [stderr]     Checking time v0.1.45
[INFO] [stderr]     Checking ahash v0.7.6
[INFO] [stderr]     Checking rand v0.4.6
[INFO] [stderr]     Checking hashbrown v0.12.3
[INFO] [stderr]     Checking mime v0.3.17
[INFO] [stderr]     Checking http-body v0.4.5
[INFO] [stderr]     Checking base64 v0.21.2
[INFO] [stderr]     Checking plain v0.2.3
[INFO] [stderr]     Checking remove_dir_all v0.5.3
[INFO] [stderr]     Checking unicode-normalization v0.1.22
[INFO] [stderr]     Checking tempdir v0.3.7
[INFO] [stderr]     Checking ordered-multimap v0.4.3
[INFO] [stderr]     Checking rust-ini v0.18.0
[INFO] [stderr]     Checking bzip2 v0.4.3
[INFO] [stderr]     Checking idna v0.3.0
[INFO] [stderr]     Checking url v2.3.1
[INFO] [stderr]    Compiling proc-macro-error v1.0.4
[INFO] [stderr]    Compiling toml v0.5.9
[INFO] [stderr]     Checking serde_urlencoded v0.7.1
[INFO] [stderr]    Compiling openssl-macros v0.1.1
[INFO] [stderr]    Compiling thiserror-impl v1.0.37
[INFO] [stderr]    Compiling futures-macro v0.3.25
[INFO] [stderr]    Compiling scroll_derive v0.11.0
[INFO] [stderr]    Compiling system-deps v6.0.3
[INFO] [stderr]     Checking tokio-util v0.7.8
[INFO] [stderr]    Compiling glib-sys v0.17.4
[INFO] [stderr]    Compiling gobject-sys v0.17.4
[INFO] [stderr]    Compiling gio-sys v0.17.4
[INFO] [stderr]    Compiling gdk-sys v0.17.0
[INFO] [stderr]    Compiling pango-sys v0.17.0
[INFO] [stderr]    Compiling cairo-sys-rs v0.17.0
[INFO] [stderr]    Compiling gdk-pixbuf-sys v0.17.0
[INFO] [stderr]    Compiling atk-sys v0.17.0
[INFO] [stderr]    Compiling gtk-sys v0.17.0
[INFO] [stderr]     Checking scroll v0.11.0
[INFO] [stderr]     Checking goblin v0.6.1
[INFO] [stderr]    Compiling proc-macro-crate v1.2.1
[INFO] [stderr]    Compiling pest v2.5.1
[INFO] [stderr]     Checking zip v0.5.13
[INFO] [stderr]    Compiling glib-macros v0.17.9
[INFO] [stderr]    Compiling gtk3-macros v0.17.1
[INFO] [stderr]     Checking zip-extract v0.1.1
[INFO] [stderr]    Compiling semver-parser v0.10.2
[INFO] [stderr]    Compiling semver v0.11.0
[INFO] [stderr]     Checking futures-executor v0.3.25
[INFO] [stderr]     Checking h2 v0.3.19
[INFO] [stderr]    Compiling rustc_version v0.3.3
[INFO] [stderr]    Compiling field-offset v0.3.4
[INFO] [stderr]     Checking tokio-native-tls v0.3.1
[INFO] [stderr]     Checking glib v0.17.9
[INFO] [stderr]     Checking hyper v0.14.26
[INFO] [stderr]     Checking hyper-tls v0.5.0
[INFO] [stderr]     Checking reqwest v0.11.18
[INFO] [stderr]     Checking cairo-rs v0.17.0
[INFO] [stderr]     Checking atk v0.17.1
[INFO] [stderr]     Checking gdk-pixbuf v0.17.0
[INFO] [stderr]     Checking pango v0.17.4
[INFO] [stderr]     Checking gdk v0.17.1
[INFO] [stderr]     Checking reshade-install v0.2.0 (/opt/rustwide/workdir)
[INFO] [stdout] error: expected `,` following `match` arm
[INFO] [stdout]   --> src/runtime_gui.rs:26:30
[INFO] [stdout]    |
[INFO] [stdout] 26 |             Some("joe") => ()
[INFO] [stdout]    |                              ^ help: missing a comma here to end this `match` arm: `,`
[INFO] [stdout] 
[INFO] [stdout] 
[INFO] [stdout] error: expected `,` following `match` arm
[INFO] [stdout]   --> src/runtime_gui.rs:26:30
[INFO] [stdout]    |
[INFO] [stdout] 26 |             Some("joe") => ()
[INFO] [stdout]    |                              ^ help: missing a comma here to end this `match` arm: `,`
[INFO] [stdout] 
[INFO] [stdout] 
[INFO] [stdout] error[E0428]: the name `extract_zip_file` is defined multiple times
[INFO] [stdout]   --> src/runtime.rs:33:1
[INFO] [stdout]    |
[INFO] [stdout] 25 | pub fn extract_zip_file(file_path: &Path) -> Result<(), Box<dyn Error>> {
[INFO] [stdout]    | ----------------------------------------------------------------------- previous definition of the value `extract_zip_file` here
[INFO] [stdout] ...
[INFO] [stdout] 33 | fn extract_zip_file(repo: &Repo) -> Result<(), Box<dyn Error>> {
[INFO] [stdout]    | ^^^^^^^^^^^^^^^^^^^^^^^^^^^^^^^^^^^^^^^^^^^^^^^^^^^^^^^^^^^^^^ `extract_zip_file` redefined here
[INFO] [stdout]    |
[INFO] [stdout]    = note: `extract_zip_file` must be defined only once in the value namespace of this module
[INFO] [stdout] 
[INFO] [stdout] 
[INFO] [stdout] error[E0428]: the name `extract_zip_file` is defined multiple times
[INFO] [stdout]   --> src/runtime.rs:33:1
[INFO] [stdout]    |
[INFO] [stdout] 25 | pub fn extract_zip_file(file_path: &Path) -> Result<(), Box<dyn Error>> {
[INFO] [stdout]    | ----------------------------------------------------------------------- previous definition of the value `extract_zip_file` here
[INFO] [stdout] ...
[INFO] [stdout] 33 | fn extract_zip_file(repo: &Repo) -> Result<(), Box<dyn Error>> {
[INFO] [stdout]    | ^^^^^^^^^^^^^^^^^^^^^^^^^^^^^^^^^^^^^^^^^^^^^^^^^^^^^^^^^^^^^^ `extract_zip_file` redefined here
[INFO] [stdout]    |
[INFO] [stdout]    = note: `extract_zip_file` must be defined only once in the value namespace of this module
[INFO] [stdout] 
[INFO] [stdout] 
[INFO] [stdout] error[E0425]: cannot find value `setup_file_path` in this scope
[INFO] [stdout]   --> src/runtime.rs:26:27
[INFO] [stdout]    |
[INFO] [stdout] 26 |     let file = File::open(setup_file_path)?;
[INFO] [stdout]    |                           ^^^^^^^^^^^^^^^ not found in this scope
[INFO] [stdout] 
[INFO] [stdout] 
[INFO] [stdout] error[E0425]: cannot find value `url` in this scope
[INFO] [stdout]   --> src/runtime.rs:43:30
[INFO] [stdout]    |
[INFO] [stdout] 43 |     let request = client.get(url).send().await?;
[INFO] [stdout]    |                              ^^^ not found in this scope
[INFO] [stdout] 
[INFO] [stdout] 
[INFO] [stdout] warning: unused import: `gtk::CompositeTemplate`
[INFO] [stdout]  --> src/runtime_gui.rs:2:5
[INFO] [stdout]   |
[INFO] [stdout] 2 | use gtk::CompositeTemplate;
[INFO] [stdout]   |     ^^^^^^^^^^^^^^^^^^^^^^
[INFO] [stdout]   |
[INFO] [stdout]   = note: `#[warn(unused_imports)]` on by default
[INFO] [stdout] 
[INFO] [stdout] 
[INFO] [stdout] warning: unused import: `PathBuf`
[INFO] [stdout]  --> src/runtime.rs:3:23
[INFO] [stdout]   |
[INFO] [stdout] 3 | use std::path::{Path, PathBuf};
[INFO] [stdout]   |                       ^^^^^^^
[INFO] [stdout] 
[INFO] [stdout] 
[INFO] [stdout] warning: unused import: `goblin::pe::PE`
[INFO] [stdout]  --> src/runtime.rs:6:5
[INFO] [stdout]   |
[INFO] [stdout] 6 | use goblin::pe::PE;
[INFO] [stdout]   |     ^^^^^^^^^^^^^^
[INFO] [stdout] 
[INFO] [stdout] 
[INFO] [stdout] error[E0425]: cannot find value `setup_file_path` in this scope
[INFO] [stdout]   --> src/runtime.rs:26:27
[INFO] [stdout]    |
[INFO] [stdout] 26 |     let file = File::open(setup_file_path)?;
[INFO] [stdout]    |                           ^^^^^^^^^^^^^^^ not found in this scope
[INFO] [stdout] 
[INFO] [stdout] 
[INFO] [stdout] error[E0425]: cannot find value `url` in this scope
[INFO] [stdout]   --> src/runtime.rs:43:30
[INFO] [stdout]    |
[INFO] [stdout] 43 |     let request = client.get(url).send().await?;
[INFO] [stdout]    |                              ^^^ not found in this scope
[INFO] [stdout] 
[INFO] [stdout] 
[INFO] [stdout] warning: unused import: `gtk::CompositeTemplate`
[INFO] [stdout]  --> src/runtime_gui.rs:2:5
[INFO] [stdout]   |
[INFO] [stdout] 2 | use gtk::CompositeTemplate;
[INFO] [stdout]   |     ^^^^^^^^^^^^^^^^^^^^^^
[INFO] [stdout]   |
[INFO] [stdout]   = note: `#[warn(unused_imports)]` on by default
[INFO] [stdout] 
[INFO] [stdout] 
[INFO] [stdout] warning: unused import: `PathBuf`
[INFO] [stdout]  --> src/runtime.rs:3:23
[INFO] [stdout]   |
[INFO] [stdout] 3 | use std::path::{Path, PathBuf};
[INFO] [stdout]   |                       ^^^^^^^
[INFO] [stdout] 
[INFO] [stdout] 
[INFO] [stdout] warning: unused import: `goblin::pe::PE`
[INFO] [stdout]  --> src/runtime.rs:6:5
[INFO] [stdout]   |
[INFO] [stdout] 6 | use goblin::pe::PE;
[INFO] [stdout]   |     ^^^^^^^^^^^^^^
[INFO] [stdout] 
[INFO] [stdout] 
[INFO] [stdout] error[E0308]: mismatched types
[INFO] [stdout]     --> src/runtime.rs:48:20
[INFO] [stdout]      |
[INFO] [stdout] 48   |     client.execute(request).await?;
[INFO] [stdout]      |            ------- ^^^^^^^ expected `Request`, found `Response`
[INFO] [stdout]      |            |
[INFO] [stdout]      |            arguments to this method are incorrect
[INFO] [stdout]      |
[INFO] [stdout] note: method defined here
[INFO] [stdout]     --> /opt/rustwide/cargo-home/registry/src/index.crates.io-6f17d22bba15001f/reqwest-0.11.18/src/async_impl/client.rs:1635:12
[INFO] [stdout]      |
[INFO] [stdout] 1635 |     pub fn execute(
[INFO] [stdout]      |            ^^^^^^^
[INFO] [stdout] 
[INFO] [stdout] 
[INFO] [stdout] error[E0308]: mismatched types
[INFO] [stdout]     --> src/runtime.rs:48:20
[INFO] [stdout]      |
[INFO] [stdout] 48   |     client.execute(request).await?;
[INFO] [stdout]      |            ------- ^^^^^^^ expected `Request`, found `Response`
[INFO] [stdout]      |            |
[INFO] [stdout]      |            arguments to this method are incorrect
[INFO] [stdout]      |
[INFO] [stdout] note: method defined here
[INFO] [stdout]     --> /opt/rustwide/cargo-home/registry/src/index.crates.io-6f17d22bba15001f/reqwest-0.11.18/src/async_impl/client.rs:1635:12
[INFO] [stdout]      |
[INFO] [stdout] 1635 |     pub fn execute(
[INFO] [stdout]      |            ^^^^^^^
[INFO] [stdout] 
[INFO] [stdout] 
[INFO] [stdout] error[E0308]: mismatched types
[INFO] [stdout]   --> src/runtime_gui.rs:26:18
[INFO] [stdout]    |
[INFO] [stdout] 25 |         match stack.visible_child_name().as_ref() {
[INFO] [stdout]    |               ----------------------------------- this expression has type `Option<&gtk::glib::GString>`
[INFO] [stdout] 26 |             Some("joe") => ()
[INFO] [stdout]    |                  ^^^^^ expected `&GString`, found `&str`
[INFO] [stdout]    |
[INFO] [stdout]    = note: expected reference `&gtk::glib::GString`
[INFO] [stdout]               found reference `&'static str`
[INFO] [stdout] 
[INFO] [stdout] 
[INFO] [stdout] error[E0308]: mismatched types
[INFO] [stdout]   --> src/runtime_gui.rs:26:18
[INFO] [stdout]    |
[INFO] [stdout] 25 |         match stack.visible_child_name().as_ref() {
[INFO] [stdout]    |               ----------------------------------- this expression has type `Option<&gtk::glib::GString>`
[INFO] [stdout] 26 |             Some("joe") => ()
[INFO] [stdout]    |                  ^^^^^ expected `&GString`, found `&str`
[INFO] [stdout]    |
[INFO] [stdout]    = note: expected reference `&gtk::glib::GString`
[INFO] [stdout]               found reference `&'static str`
[INFO] [stdout] 
[INFO] [stdout] 
[INFO] [stdout] error[E0599]: no method named `join` found for struct `TempDir` in the current scope
[INFO] [stdout]   --> src/runtime.rs:37:41
[INFO] [stdout]    |
[INFO] [stdout] 37 |     zip_extract::extract(file, temp_dir.join("reshade-shaders"), true)?;
[INFO] [stdout]    |                                         ^^^^ method not found in `TempDir`
[INFO] [stdout] 
[INFO] [stdout] 
[INFO] [stdout] error[E0599]: no method named `join` found for struct `TempDir` in the current scope
[INFO] [stdout]   --> src/runtime.rs:37:41
[INFO] [stdout]    |
[INFO] [stdout] 37 |     zip_extract::extract(file, temp_dir.join("reshade-shaders"), true)?;
[INFO] [stdout]    |                                         ^^^^ method not found in `TempDir`
[INFO] [stdout] 
[INFO] [stdout] 
[INFO] [stdout] error[E0277]: the `?` operator can only be applied to values that implement `Try`
[INFO] [stdout]   --> src/runtime.rs:57:9
[INFO] [stdout]    |
[INFO] [stdout] 57 |         download_repo(repo, &client)?;
[INFO] [stdout]    |         ^^^^^^^^^^^^^^^^^^^^^^^^^^^^^ the `?` operator cannot be applied to type `impl Future<Output = Result<(), std::boxed::Box<(dyn std::error::Error + 'static)>>>`
[INFO] [stdout]    |
[INFO] [stdout]    = help: the trait `Try` is not implemented for `impl Future<Output = Result<(), std::boxed::Box<(dyn std::error::Error + 'static)>>>`
[INFO] [stdout] 
[INFO] [stdout] 
[INFO] [stdout] error[E0277]: the `?` operator can only be applied to values that implement `Try`
[INFO] [stdout]   --> src/runtime.rs:57:9
[INFO] [stdout]    |
[INFO] [stdout] 57 |         download_repo(repo, &client)?;
[INFO] [stdout]    |         ^^^^^^^^^^^^^^^^^^^^^^^^^^^^^ the `?` operator cannot be applied to type `impl Future<Output = Result<(), std::boxed::Box<(dyn std::error::Error + 'static)>>>`
[INFO] [stdout]    |
[INFO] [stdout]    = help: the trait `Try` is not implemented for `impl Future<Output = Result<(), std::boxed::Box<(dyn std::error::Error + 'static)>>>`
[INFO] [stdout] 
[INFO] [stdout] 
[INFO] [stdout] warning: unreachable call
[INFO] [stdout]   --> src/runtime.rs:67:10
[INFO] [stdout]    |
[INFO] [stdout] 67 |         .set("EffectSearchPaths", todo!())
[INFO] [stdout]    |          ^^^ unreachable call     ------- any code following this expression is unreachable
[INFO] [stdout]    |
[INFO] [stdout]    = note: `#[warn(unreachable_code)]` on by default
[INFO] [stdout] 
[INFO] [stdout] 
[INFO] [stdout] warning: unreachable call
[INFO] [stdout]   --> src/runtime.rs:67:10
[INFO] [stdout]    |
[INFO] [stdout] 67 |         .set("EffectSearchPaths", todo!())
[INFO] [stdout]    |          ^^^ unreachable call     ------- any code following this expression is unreachable
[INFO] [stdout]    |
[INFO] [stdout]    = note: `#[warn(unreachable_code)]` on by default
[INFO] [stdout] 
[INFO] [stdout] 
[INFO] [stdout] error[E0277]: the trait bound `std::string::String: From<Ini>` is not satisfied
[INFO] [stdout]   --> src/runtime.rs:73:25
[INFO] [stdout]    |
[INFO] [stdout] 73 |     return String::from(conf);
[INFO] [stdout]    |            ------------ ^^^^ the trait `From<Ini>` is not implemented for `std::string::String`
[INFO] [stdout]    |            |
[INFO] [stdout]    |            required by a bound introduced by this call
[INFO] [stdout]    |
[INFO] [stdout]    = help: the following other types implement trait `From<T>`:
[INFO] [stdout]              <std::string::String as From<&mut str>>
[INFO] [stdout]              <std::string::String as From<&std::string::String>>
[INFO] [stdout]              <std::string::String as From<&str>>
[INFO] [stdout]              <std::string::String as From<Cow<'a, str>>>
[INFO] [stdout]              <std::string::String as From<char>>
[INFO] [stdout]              <std::string::String as From<gtk::glib::GString>>
[INFO] [stdout]              <std::string::String as From<gtk::glib::variant::ObjectPath>>
[INFO] [stdout]              <std::string::String as From<gtk::glib::variant::Signature>>
[INFO] [stdout]            and 2 others
[INFO] [stdout] 
[INFO] [stdout] 
[INFO] [stdout] error[E0277]: the trait bound `std::string::String: From<Ini>` is not satisfied
[INFO] [stdout]   --> src/runtime.rs:73:25
[INFO] [stdout]    |
[INFO] [stdout] 73 |     return String::from(conf);
[INFO] [stdout]    |            ------------ ^^^^ the trait `From<Ini>` is not implemented for `std::string::String`
[INFO] [stdout]    |            |
[INFO] [stdout]    |            required by a bound introduced by this call
[INFO] [stdout]    |
[INFO] [stdout]    = help: the following other types implement trait `From<T>`:
[INFO] [stdout]              <std::string::String as From<&mut str>>
[INFO] [stdout]              <std::string::String as From<&std::string::String>>
[INFO] [stdout]              <std::string::String as From<&str>>
[INFO] [stdout]              <std::string::String as From<Cow<'a, str>>>
[INFO] [stdout]              <std::string::String as From<char>>
[INFO] [stdout]              <std::string::String as From<gtk::glib::GString>>
[INFO] [stdout]              <std::string::String as From<gtk::glib::variant::ObjectPath>>
[INFO] [stdout]              <std::string::String as From<gtk::glib::variant::Signature>>
[INFO] [stdout]            and 2 others
[INFO] [stdout] 
[INFO] [stdout] 
[INFO] [stdout] error[E0308]: mismatched types
[INFO] [stdout]   --> src/runtime.rs:81:12
[INFO] [stdout]    |
[INFO] [stdout] 76 | fn write_config(text: &str, game_exe_path: &Path) -> Result<(), Box<dyn Error>> {
[INFO] [stdout]    |                                                      -------------------------- expected `Result<(), std::boxed::Box<(dyn std::error::Error + 'static)>>` because of return type
[INFO] [stdout] ...
[INFO] [stdout] 81 |     return file.write_all(data);
[INFO] [stdout]    |            ^^^^^^^^^^^^^^^^^^^^ expected `Result<(), Box<dyn Error>>`, found `Result<(), Error>`
[INFO] [stdout]    |
[INFO] [stdout]    = note: expected enum `Result<_, std::boxed::Box<(dyn std::error::Error + 'static)>>`
[INFO] [stdout]               found enum `Result<_, std::io::Error>`
[INFO] [stdout] help: use `?` to coerce and return an appropriate `Err`, and wrap the resulting value in `Ok` so the expression remains of type `Result`
[INFO] [stdout]    |
[INFO] [stdout] 81 |     return Ok(file.write_all(data)?);
[INFO] [stdout]    |            +++                    ++
[INFO] [stdout] 
[INFO] [stdout] 
[INFO] [stdout] error[E0308]: mismatched types
[INFO] [stdout]   --> src/runtime.rs:81:12
[INFO] [stdout]    |
[INFO] [stdout] 76 | fn write_config(text: &str, game_exe_path: &Path) -> Result<(), Box<dyn Error>> {
[INFO] [stdout]    |                                                      -------------------------- expected `Result<(), std::boxed::Box<(dyn std::error::Error + 'static)>>` because of return type
[INFO] [stdout] ...
[INFO] [stdout] 81 |     return file.write_all(data);
[INFO] [stdout]    |            ^^^^^^^^^^^^^^^^^^^^ expected `Result<(), Box<dyn Error>>`, found `Result<(), Error>`
[INFO] [stdout]    |
[INFO] [stdout]    = note: expected enum `Result<_, std::boxed::Box<(dyn std::error::Error + 'static)>>`
[INFO] [stdout]               found enum `Result<_, std::io::Error>`
[INFO] [stdout] help: use `?` to coerce and return an appropriate `Err`, and wrap the resulting value in `Ok` so the expression remains of type `Result`
[INFO] [stdout]    |
[INFO] [stdout] 81 |     return Ok(file.write_all(data)?);
[INFO] [stdout]    |            +++                    ++
[INFO] [stdout] 
[INFO] [stdout] 
[INFO] [stdout] error[E0599]: no method named `connect_activate` found for struct `gtk::Application` in the current scope
[INFO] [stdout]    --> src/main.rs:6:9
[INFO] [stdout]     |
[INFO] [stdout] 6   |     app.connect_activate(runtime_gui::build);
[INFO] [stdout]     |         ^^^^^^^^^^^^^^^^ method not found in `Application`
[INFO] [stdout]     |
[INFO] [stdout]    ::: /opt/rustwide/cargo-home/registry/src/index.crates.io-6f17d22bba15001f/gio-0.17.9/src/auto/application.rs:237:8
[INFO] [stdout]     |
[INFO] [stdout] 237 |     fn connect_activate<F: Fn(&Self) + 'static>(&self, f: F) -> SignalHandlerId;
[INFO] [stdout]     |        ---------------- the method is available for `gtk::Application` here
[INFO] [stdout]     |
[INFO] [stdout]     = help: items from traits can only be used if the trait is in scope
[INFO] [stdout] help: the following trait is implemented but not in scope; perhaps add a `use` for it:
[INFO] [stdout]     |
[INFO] [stdout] 1   + use gtk::prelude::ApplicationExt;
[INFO] [stdout]     |
[INFO] [stdout] 
[INFO] [stdout] 
[INFO] [stdout] error[E0599]: no method named `run` found for struct `gtk::Application` in the current scope
[INFO] [stdout]   --> src/main.rs:7:9
[INFO] [stdout]    |
[INFO] [stdout] 7  |     app.run();
[INFO] [stdout]    |         ^^^ method not found in `Application`
[INFO] [stdout]    |
[INFO] [stdout]   ::: /opt/rustwide/cargo-home/registry/src/index.crates.io-6f17d22bba15001f/gio-0.17.9/src/application.rs:16:8
[INFO] [stdout]    |
[INFO] [stdout] 16 |     fn run(&self) -> ExitCode;
[INFO] [stdout]    |        --- the method is available for `gtk::Application` here
[INFO] [stdout]    |
[INFO] [stdout]    = help: items from traits can only be used if the trait is in scope
[INFO] [stdout] help: the following trait is implemented but not in scope; perhaps add a `use` for it:
[INFO] [stdout]    |
[INFO] [stdout] 1  + use gtk::prelude::ApplicationExtManual;
[INFO] [stdout]    |
[INFO] [stdout] 
[INFO] [stdout] 
[INFO] [stdout] error[E0599]: no method named `connect_activate` found for struct `gtk::Application` in the current scope
[INFO] [stdout]    --> src/main.rs:6:9
[INFO] [stdout]     |
[INFO] [stdout] 6   |     app.connect_activate(runtime_gui::build);
[INFO] [stdout]     |         ^^^^^^^^^^^^^^^^ method not found in `Application`
[INFO] [stdout]     |
[INFO] [stdout]    ::: /opt/rustwide/cargo-home/registry/src/index.crates.io-6f17d22bba15001f/gio-0.17.9/src/auto/application.rs:237:8
[INFO] [stdout]     |
[INFO] [stdout] 237 |     fn connect_activate<F: Fn(&Self) + 'static>(&self, f: F) -> SignalHandlerId;
[INFO] [stdout]     |        ---------------- the method is available for `gtk::Application` here
[INFO] [stdout]     |
[INFO] [stdout]     = help: items from traits can only be used if the trait is in scope
[INFO] [stdout] help: the following trait is implemented but not in scope; perhaps add a `use` for it:
[INFO] [stdout]     |
[INFO] [stdout] 1   + use gtk::prelude::ApplicationExt;
[INFO] [stdout]     |
[INFO] [stdout] 
[INFO] [stdout] 
[INFO] [stdout] error[E0599]: no method named `run` found for struct `gtk::Application` in the current scope
[INFO] [stdout]   --> src/main.rs:7:9
[INFO] [stdout]    |
[INFO] [stdout] 7  |     app.run();
[INFO] [stdout]    |         ^^^ method not found in `Application`
[INFO] [stdout]    |
[INFO] [stdout]   ::: /opt/rustwide/cargo-home/registry/src/index.crates.io-6f17d22bba15001f/gio-0.17.9/src/application.rs:16:8
[INFO] [stdout]    |
[INFO] [stdout] 16 |     fn run(&self) -> ExitCode;
[INFO] [stdout]    |        --- the method is available for `gtk::Application` here
[INFO] [stdout]    |
[INFO] [stdout]    = help: items from traits can only be used if the trait is in scope
[INFO] [stdout] help: the following trait is implemented but not in scope; perhaps add a `use` for it:
[INFO] [stdout]    |
[INFO] [stdout] 1  + use gtk::prelude::ApplicationExtManual;
[INFO] [stdout]    |
[INFO] [stdout] 
[INFO] [stdout] 
[INFO] [stdout] error: aborting due to 12 previous errors; 4 warnings emitted
[INFO] [stdout] 
[INFO] [stdout] 
[INFO] [stdout] Some errors have detailed explanations: E0277, E0308, E0425, E0428, E0599.
[INFO] [stdout] 
[INFO] [stdout] For more information about an error, try `rustc --explain E0277`.
[INFO] [stdout] 
[INFO] [stdout] error: aborting due to 12 previous errors; 4 warnings emitted
[INFO] [stdout] 
[INFO] [stdout] 
[INFO] [stdout] Some errors have detailed explanations: E0277, E0308, E0425, E0428, E0599.
[INFO] [stdout] 
[INFO] [stdout] For more information about an error, try `rustc --explain E0277`.
[INFO] [stdout] 
[INFO] [stderr] error: could not compile `reshade-install` (bin "reshade-install") due to 13 previous errors; 4 warnings emitted
[INFO] [stderr] warning: build failed, waiting for other jobs to finish...
[INFO] [stderr] error: could not compile `reshade-install` (bin "reshade-install" test) due to 13 previous errors; 4 warnings emitted
[INFO] running `Command { std: "docker" "inspect" "4ba83bfcf7d68a5746984e8138744d44286cfa0c882b216c536a4c4fd5109702", kill_on_drop: false }`
[INFO] running `Command { std: "docker" "rm" "-f" "4ba83bfcf7d68a5746984e8138744d44286cfa0c882b216c536a4c4fd5109702", kill_on_drop: false }`
[INFO] [stdout] 4ba83bfcf7d68a5746984e8138744d44286cfa0c882b216c536a4c4fd5109702
